prime factors of 11541794?
2, 11, 281, 1867
List the prime factors of 325926.
2, 3, 19, 953
List the prime factors of 2191796.
2, 43, 12743
What are the prime factors of 249406?
2, 124703
What are the prime factors of 60219?
3, 6691
What are the prime factors of 221536?
2, 7, 23, 43
What are the prime factors of 378846?
2, 3, 13, 1619
What are the prime factors of 7196?
2, 7, 257
What are the prime factors of 14135?
5, 11, 257
List the prime factors of 381235.
5, 19, 4013
List the prime factors of 12137008.
2, 13, 23, 43, 59
What are the prime factors of 1281274?
2, 337, 1901
List the prime factors of 47691.
3, 7, 757
List the prime factors of 381183.
3, 11, 11551
List the prime factors of 1431403.
19, 75337
List the prime factors of 505462.
2, 252731
What are the prime factors of 22531103?
7, 17, 189337
What are the prime factors of 410167?
53, 71, 109
What are the prime factors of 957948?
2, 3, 79829
What are the prime factors of 290095?
5, 13, 4463
List the prime factors of 549282.
2, 3, 43, 2129
What are the prime factors of 685250?
2, 5, 2741
List the prime factors of 1089335.
5, 13, 16759
List the prime factors of 3912265.
5, 7, 111779
List the prime factors of 24668749.
7, 47, 97, 773
What are the prime factors of 862840?
2, 5, 11, 37, 53
What are the prime factors of 9351164?
2, 103, 22697
What are the prime factors of 303372?
2, 3, 53
What are the prime factors of 26744447?
26744447
List the prime factors of 2019387.
3, 673129
What are the prime factors of 31977700?
2, 5, 89, 3593
List the prime factors of 314546.
2, 157273
List the prime factors of 599741.
599741
What are the prime factors of 3878075?
5, 61, 2543
List the prime factors of 1532248.
2, 191531
What are the prime factors of 5105194?
2, 2552597
What are the prime factors of 7547817?
3, 173, 14543
List the prime factors of 1419512.
2, 191, 929
List the prime factors of 5110708.
2, 1277677
List the prime factors of 708745.
5, 23, 6163
List the prime factors of 895741.
7, 11, 11633
List the prime factors of 5788550.
2, 5, 115771
What are the prime factors of 1417782?
2, 3, 236297
List the prime factors of 592994.
2, 17, 107, 163
List the prime factors of 239633.
239633
List the prime factors of 361773.
3, 13399
What are the prime factors of 327855?
3, 5, 11, 1987
What are the prime factors of 3808018?
2, 19, 23, 4357
What are the prime factors of 542926?
2, 271463
What are the prime factors of 38952?
2, 3, 541
What are the prime factors of 126954?
2, 3, 2351
What are the prime factors of 267559?
23, 11633
List the prime factors of 211091.
29, 251
What are the prime factors of 128939?
128939
List the prime factors of 16714347.
3, 13, 41, 10453
List the prime factors of 1478648.
2, 184831
List the prime factors of 3997949.
53, 241, 313
List the prime factors of 284780.
2, 5, 29, 491
List the prime factors of 403784.
2, 17, 2969
What are the prime factors of 388772?
2, 83, 1171
What are the prime factors of 2444705?
5, 47, 101, 103
List the prime factors of 865258.
2, 89, 4861
What are the prime factors of 104426?
2, 7, 7459
List the prime factors of 2508409.
2508409
What are the prime factors of 2493650?
2, 5, 53, 941
List the prime factors of 153235.
5, 19, 1613
What are the prime factors of 1298859?
3, 19, 22787
What are the prime factors of 14375707?
41, 547, 641
What are the prime factors of 2768179?
2768179
List the prime factors of 482948.
2, 120737
List the prime factors of 726419.
726419
List the prime factors of 369179.
31, 11909
What are the prime factors of 2822363?
349, 8087
List the prime factors of 4792144.
2, 7, 42787
List the prime factors of 1931862.
2, 3, 23, 13999
What are the prime factors of 9503046?
2, 3, 7, 199, 379
List the prime factors of 9364900.
2, 5, 71, 1319
What are the prime factors of 1793095?
5, 61, 5879
List the prime factors of 13436480.
2, 5, 199, 211
List the prime factors of 1652046.
2, 3, 11, 25031
What are the prime factors of 4991308?
2, 7, 178261
What are the prime factors of 113592?
2, 3, 4733
What are the prime factors of 43138?
2, 21569
List the prime factors of 8917063.
8917063
List the prime factors of 3313119.
3, 1104373
What are the prime factors of 12862073?
7, 743, 2473
What are the prime factors of 5679?
3, 631
What are the prime factors of 7528701?
3, 131, 19157
List the prime factors of 2501184.
2, 3, 7, 1861
What are the prime factors of 5784173?
37, 156329
What are the prime factors of 594345?
3, 5, 39623
List the prime factors of 2921820.
2, 3, 5, 11, 19, 233
List the prime factors of 1456779.
3, 485593
What are the prime factors of 8670815?
5, 509, 3407
List the prime factors of 10383545.
5, 2076709
What are the prime factors of 45325?
5, 7, 37
What are the prime factors of 738163?
738163
List the prime factors of 1678994.
2, 839497
List the prime factors of 662688.
2, 3, 13, 59
List the prime factors of 723248.
2, 17, 2659
List the prime factors of 892650.
2, 3, 5, 11, 541
List the prime factors of 1306833.
3, 11, 199
What are the prime factors of 169709?
169709
List the prime factors of 120035.
5, 24007
What are the prime factors of 380366?
2, 7, 101, 269
List the prime factors of 1146083.
1146083
What are the prime factors of 160257?
3, 53419
List the prime factors of 863454.
2, 3, 143909
What are the prime factors of 1689693?
3, 53, 10627
List the prime factors of 2447500.
2, 5, 11, 89
List the prime factors of 871541.
11, 79231
List the prime factors of 5989757.
563, 10639
List the prime factors of 743409.
3, 82601
What are the prime factors of 3453972?
2, 3, 19, 15149
What are the prime factors of 5120331?
3, 1706777
What are the prime factors of 3402591?
3, 31, 36587
What are the prime factors of 143199?
3, 7, 2273
What are the prime factors of 704913?
3, 11, 41, 521
What are the prime factors of 7104941?
7104941
List the prime factors of 186888.
2, 3, 13, 599
What are the prime factors of 617406?
2, 3, 17, 6053
What are the prime factors of 521958?
2, 3, 86993
What are the prime factors of 6464695?
5, 761, 1699
What are the prime factors of 5504674?
2, 7, 393191
What are the prime factors of 315186?
2, 3, 131, 401
List the prime factors of 259423.
59, 4397
List the prime factors of 212543.
23, 9241
What are the prime factors of 26529?
3, 37, 239
What are the prime factors of 80421?
3, 11, 2437
List the prime factors of 3361388.
2, 840347
What are the prime factors of 603702?
2, 3, 11, 3049
List the prime factors of 206390.
2, 5, 20639
What are the prime factors of 461141?
73, 6317
What are the prime factors of 268045?
5, 53609
List the prime factors of 384541.
19, 37, 547
List the prime factors of 2345843.
2345843
List the prime factors of 2855131.
31, 2971
What are the prime factors of 25694870?
2, 5, 29, 251, 353
What are the prime factors of 1374637?
11, 17, 7351
List the prime factors of 112924.
2, 7, 37, 109
What are the prime factors of 1629381?
3, 13, 41, 1019
List the prime factors of 778673.
7, 173, 643
What are the prime factors of 496798?
2, 89, 2791
What are the prime factors of 687953?
7, 23, 4273
List the prime factors of 109286.
2, 53, 1031
What are the prime factors of 1669146?
2, 3, 278191
What are the prime factors of 3061724?
2, 79, 9689
List the prime factors of 288399.
3, 251, 383
List the prime factors of 12820740.
2, 3, 5, 107, 1997
What are the prime factors of 101788?
2, 25447
List the prime factors of 1004300.
2, 5, 11, 83
What are the prime factors of 1013334?
2, 3, 7, 23, 1049
List the prime factors of 8389.
8389
List the prime factors of 257094.
2, 3, 23
List the prime factors of 2441043.
3, 11, 8219
What are the prime factors of 919589?
11, 41, 2039
What are the prime factors of 31428597?
3, 17, 383, 1609
List the prime factors of 5183977.
5183977
What are the prime factors of 1258037?
11, 37, 281
What are the prime factors of 780664?
2, 97583
What are the prime factors of 2218788?
2, 3, 11, 13, 431
What are the prime factors of 645498?
2, 3, 7, 47, 109
List the prime factors of 1869785.
5, 23, 71, 229
List the prime factors of 1914048.
2, 3, 3323
List the prime factors of 413275.
5, 61, 271
What are the prime factors of 934350?
2, 3, 5, 6229
What are the prime factors of 597786?
2, 3, 7, 43, 331
List the prime factors of 8941558.
2, 17, 409, 643
List the prime factors of 3337